{"id":63,"date":"2013-02-01T19:57:16","date_gmt":"2013-02-01T19:57:16","guid":{"rendered":"http:\/\/www.maquinasparasoldar.com\/lincoln_support\/?page_id=63"},"modified":"2013-02-06T16:32:10","modified_gmt":"2013-02-06T16:32:10","slug":"procesos","status":"publish","type":"page","link":"https:\/\/www.maquinasparasoldar.com\/lincoln_support\/servicios\/procesos\/","title":{"rendered":"Procesos"},"content":{"rendered":"<p><img loading=\"lazy\" src=\"https:\/\/www.maquinasparasoldar.com\/lincoln_support\/wp-content\/uploads\/2013\/02\/Procesos.jpg\" alt=\"Procesos\" width=\"960\" height=\"300\" class=\"aligncenter size-full wp-image-110\" srcset=\"https:\/\/www.maquinasparasoldar.com\/lincoln_support\/wp-content\/uploads\/2013\/02\/Procesos.jpg 960w, https:\/\/www.maquinasparasoldar.com\/lincoln_support\/wp-content\/uploads\/2013\/02\/Procesos-300x93.jpg 300w\" sizes=\"(max-width: 960px) 100vw, 960px\" \/><br \/>\n<br \/>\n<span class=\"resaltado_blanco\"><strong>TIG.-<\/strong><\/span> El proceso TIG se puede utilizar para el soldeo de todos los materiales, incluidos el aluminio el magnesio y los materiales sensibles a la oxidaci\u00f3n como el titanio.<\/p>\n<p>La posibilidad de soldar un material u otro, depender\u00e1 de las caracter\u00edsticas del equipo de que dispongamos. El proceso TIG puede utilizarse tanto con corriente continua (DC) como con corriente alterna (AC). La elecci\u00f3n de la clase de corriente y polaridad se har\u00e1 en funci\u00f3n del material a soldar.<\/p>\n<p><span class=\"resaltado_blanco\"><strong>MIG.-<\/strong><\/span> El soldeo por arco el\u00e9ctrico con protecci\u00f3n de gas, es un proceso de soldeo en el cual el calor necesario es generado por un arco que se establece entre un electrodo consumible y el metal que se va a soldar.<br \/>\nUn alambre macizo, desnudo, que se alimenta de forma continua autom\u00e1ticamente y se convierte en el metal depositado seg\u00fan se consume, realiza la funci\u00f3n de electrodo.<\/p>\n<p><span class=\"resaltado_blanco\"><strong>Stick<\/strong><\/span> (Soldadura el\u00e9ctrica por arco y electrodo revestido)<strong>.-<\/strong> Es una soldadura homog\u00e9nea que se emplea para soldar metales y aleaciones.<br \/>\nEl metal de aportaci\u00f3n se deposita fundiendo el electrodo, que ser\u00e1 de la misma naturaleza que los metales a soldar. El calor necesario para fundir los metales se genera con energ\u00eda el\u00e9ctrica forzando el paso de corriente entre el electrodo y la pieza hasta formar el arco el\u00e9ctrico.<\/p>\n<p><span class=\"resaltado_blanco\"><strong>SAW.-<\/strong><\/span> Proceso de Arco Sumergido &#8220;SAW&#8221;, el arco es iniciado entre el material base a ser soldado y la punta de un electrodo consumible, los cuales son cubierto por una capa de un fundente granulado. El arco es, por consiguiente, escondido en esta capa densa de fundente granulado el cual parte se funde para formar una cubierta protectora sobre el cord\u00f3n de soldadura fundido, en donde sus remanentes pueden ser recuperados para ser usado nuevamente.<\/p>\n<p><span class=\"resaltado_blanco\"><strong>Corte por plasma.-<\/strong><\/span> El fundamento del corte por plasma se basa en elevar la temperatura del material a cortar de una forma muy localizada y por encima de los 30,000\u00b0C, llevando el material hasta el cuarto estado de la materia, el plasma, estado en el que los electrones se disocian del \u00e1tomo.<\/p>\n","protected":false},"excerpt":{"rendered":"<p>TIG.- El proceso TIG se puede utilizar para el soldeo de todos los materiales, incluidos el aluminio el magnesio y los materiales sensibles a la oxidaci\u00f3n como el titanio. La posibilidad de soldar un material u otro, depender\u00e1 de las caracter\u00edsticas del equipo de que dispongamos. El proceso TIG puede utilizarse tanto con corriente continua [&hellip;]<\/p>\n","protected":false},"author":1,"featured_media":0,"parent":23,"menu_order":4,"comment_status":"open","ping_status":"open","template":"page-full.php","meta":[],"_links":{"self":[{"href":"https:\/\/www.maquinasparasoldar.com\/lincoln_support\/wp-json\/wp\/v2\/pages\/63"}],"collection":[{"href":"https:\/\/www.maquinasparasoldar.com\/lincoln_support\/wp-json\/wp\/v2\/pages"}],"about":[{"href":"https:\/\/www.maquinasparasoldar.com\/lincoln_support\/wp-json\/wp\/v2\/types\/page"}],"author":[{"embeddable":true,"href":"https:\/\/www.maquinasparasoldar.com\/lincoln_support\/wp-json\/wp\/v2\/users\/1"}],"replies":[{"embeddable":true,"href":"https:\/\/www.maquinasparasoldar.com\/lincoln_support\/wp-json\/wp\/v2\/comments?post=63"}],"version-history":[{"count":5,"href":"https:\/\/www.maquinasparasoldar.com\/lincoln_support\/wp-json\/wp\/v2\/pages\/63\/revisions"}],"predecessor-version":[{"id":111,"href":"https:\/\/www.maquinasparasoldar.com\/lincoln_support\/wp-json\/wp\/v2\/pages\/63\/revisions\/111"}],"up":[{"embeddable":true,"href":"https:\/\/www.maquinasparasoldar.com\/lincoln_support\/wp-json\/wp\/v2\/pages\/23"}],"wp:attachment":[{"href":"https:\/\/www.maquinasparasoldar.com\/lincoln_support\/wp-json\/wp\/v2\/media?parent=63"}],"curies":[{"name":"wp","href":"https:\/\/api.w.org\/{rel}","templated":true}]}}